9 + 748 - (-129 + 0).
58
What is 2 + 7 + (-10 + -79 - 7) + (-4 - 0)?
-91
What is the value of (-46 - (0 - 1)) + 1 - (128 + (-126 - 4))?
-42
Calculate -6 + 3 + 10 + (-12 - (-23 + 10)) + 48.
56
What is 50 + (-43 - 50) + 21?
-22
Evaluate 45 + -12 - (-36 - (-2 - 19)).
48
What is 1 - ((-6 - -2) + 33 + -59 + 38 - -28)?
-35
What is the value of 12 + 7 + -18 - -45?
46
Calculate -6 + 5 + (-3 - 0) - (314 - 380).
62
Calculate 10 + (28 - (-37 - -65) - (0 + 82)) - -1.
-71
What is the value of -32 + 0 - (-2386 - -2389)?
-35
Evaluate -97 - 3 - (-45 + (-12 - -33)).
-76
(39 - -1) + (11 - 21) - 0 - 9
21
Calculate (12 + (9 - 10 - 0) - 72) + 0.
-61
42 + 32 + 25 + -69
30
Calculate -5 - (-10 + 21 + 22 - (12 + -3)).
-29
Evaluate 1 - 61 - (14521 + -14476).
-105
What is -21 - (-86 + 3 + -30) - 31?
61
65 - ((50 - (5 + 38)) + -33)
91
What is -1 + -35 - (-85 - -50) - 108?
-109
What is the value of 13 - 0 - (119 - 104) - (-14 + (-3 - -2))?
13
What is the value of (-137 - -106) + (-7 + 2 - -99)?
63
Calculate -9 + -28 + -17 + 6 + 4 + 4 - 10.
-50
Calculate -248 + 235 - (-7 - 34).
28
What is the value of 30 + (-33 - (-29 + 27)) + (24 - -1)?
24
Evaluate (7 - -29 - 35) + (1 - 0 - -1).
3
33 + 1 + 860 + -804
90
Evaluate (-13 - (24 - -2)) + (12 - -5).
-22
Calculate (0 - (-5 + 4)) + (67 - 1) + -293 + 281.
55
Evaluate -52 + -69 - -48 - 8.
-81
What is 51 - (153 + -46 - 58)?
2
What is (30 - -10) + -11 - (20 + -8 - -5)?
12
Calculate 28 - (6 + -36 - -71).
-13
What is -28 - ((-14 - -108) + -160)?
38
What is -128 + 255 + -132 - (0 - -3)?
-8
Evaluate 20 + (-16 - (53 - 40)).
-9
What is the value of (69 - 10 - 23) + -17 - (-1 - 59)?
79
-74 + 17 + 7 + (-31 - -18)
-63
What is the value of (-52 - -26) + 51 + -73?
-48
(-6 - (-20 + (-8 - -19))) + (0 - -12)
15
47 - 23 - ((0 - -1) + (67 - 71))
27
What is -14 + (-6 + (1 - 0) - -9) - (4 + -38)?
24
What is the value of (-53 - -9) + 16 + -33 - 24?
-85
Calculate (37 - 79) + 32 - (-7 + -4).
1
What is the value of (21 - (-7 + 30)) + -38 - -10?
-30
Evaluate 93 + (17 + 3 - (-12 - -64 - 27)).
88
Evaluate -21 + 14 + 8 + 5 + (2 + -4 - -131).
135
Calculate (8 + -4 - 5 - -20) + -51 + 7.
-25
What is -9 - (-10 + 73) - ((9 - 20) + 12 - 2)?
-71
Evaluate -61 - 1 - (-73 + 41).
-30
Calculate (22 - 6) + -10 + -16 + -9 + 26.
7
Evaluate 49 - (29 - (-17 - -11)).
14
What is the value of -48 + (8 - (-2 - (-13 + -6)) - -17)?
-40
-59 + 151 + 6 + -95
3
What is (0 - -30) + (-41 - -4 - -49) + -15 + 1?
28
(1 - (2 - 0)) + (15 - (-31 - 59))
104
What is (-6 - (73 + -15)) + (31 - 15)?
-48
What is 43 - 30 - 28 - (-2 - 4) - -14?
5
What is the value of -11 - 32 - (38 - 46)?
-35
What is the value of 6183 + -6282 + 149 + 1?
51
What is (2 - (-11 + -6 + 8)) + (-5 - (63 + 39))?
-96
Evaluate (0 - -17) + (-272 - -237) + 22 + (-68 - -2).
-62
What is the value of 0 + 2 - (53 + -39) - -25 - -12?
25
10 + (-41 - -7) + -8 + (1 - 1) + 2
-30
Calculate (215 - (-49 + 84)) + -159.
21
Evaluate (-33 - 2) + -400 + 435 + (1 - 62).
-61
(1 - 1) + 4 - ((-10 - 21) + 39 + -7)
3
62 + 84 + -57 + -42
47
What is the value of (-1 + -4 - (0 + 0)) + (-8728 - -8691)?
-42
Evaluate 18 + (16 - (-16 - (-38 + -15))).
-3
Calculate 67 + -22 + 2 - (-51 + 0).
98
What is the value of 4 + -5 + -3 - (20 + -47 + 33)?
-10
What is (-6 - -1) + (-16 - (9 + 0) - -21) + 84?
75
What is the value of 1 + 7 - (10 + 110 + -101) - -142?
131
What is 14 + (-29 - (-19 + 9))?
-5
Calculate (-117 - -3) + 0 - (2 - (-23 + -26 + 62)).
-103
Evaluate -17 - ((119 - ((10 - -10) + -16)) + -21).
-111
What is -72 + 235 - 0 - 294?
-131
What is 23 - (-31 - (-39 - -23) - 38)?
76
What is (12 + -5 - (-96 - -2)) + -19 + 8 + 14?
104
What is -38 - ((-12 + 8 + 2 - -12) + 0 + -23)?
-25
Evaluate (-17 - (5 - (39 + -18))) + 6 - (109 - -3).
-107
Calculate 53 + (3 - 0) - (13 - (0 + 12) - -6).
49
(-56 + 76 - (2 + 35)) + 65
48
72 - ((-20 - 5) + 58)
39
Evaluate ((1 - (-1 - -6)) + 1 - -7) + (3007 - 2962).
49
What is -30 - ((-6 - -9) + 24)?
-57
What is the value of 1 - 51 - 4 - 3 - (1626 + -1604)?
-79
What is 11 - (9 - (0 + (-2 - (13 - 19)))) - -44?
50
Calculate 8 - 2 - (-35 + 24) - 18.
-1
Calculate -63 + (0 - 36) + 74 - 66.
-91
Calculate -36 + (55 + 42 - 34).
27
-4 + (72 - 17 - (-7 - -7 - (3 + -2)))
52
What is -10 + -191 + 181 + (8 - 0) - 0?
-12
Calculate (-1 - 12) + 43 + 3 - -10 - -6.
49
What is the value of -123 + -4 + ((47 - 13) + -14 - 15) + 4?
-118
What is -21 - ((-14 - -41) + -27)?
-21
What is the value of (-14 - -4) + 7 + (2 - 0) + 50?
49
What is 97 + -139 - (4 - (-1 - -24))?
-23
What is (-75 - (134 - 134 - (-1 + 18))) + 12?
-46
Calculate 2 + -23 - (-29 + -119 + 166).
-39
3 + (-15 - (-6 + (2 - 0))) + -1
-9
Evaluate (1 + -17 + 0 - (497 - 497)) + 9.
-7
Calculate -21 + 1 - (781 + -764) - -17.
-20
-66 - (-64 + 9 - 4)
-7
What is 99 + (-2 - ((-13 + -9 - -8 - -2) + 23))?
86
What is the value of -5 + (-16 - -60 - 58 - -35)?
16
Evaluate 18 + (-18 - (-17 - -14)) + -56.
-53
Calculate (21 - -40) + -41 - (14 - 9).
15
14 - (-1 + 0 + 38 + 72 + -33)
-62
Evaluate 62 + ((-2 - 37 - -10) + 23 - (-10 - 1)).
67
(33 - 33) + 157 + -127
30
-5554 + 5799 - (145 + -1)
101
Evaluate -16 + 2 + -114 + 84.
-44
What is the value of (24 + -19 - (-2 - 97)) + (-19 - (-10 + 4))?
91
72 - ((11 - (-4 - -22 - 26)) + -17)
70
Evaluate -2 + 51 + -3 + (3 - (-38 + 8 - -31)).
48
What is -48 + (10 - (29 - 26))?
-41
Evaluate 18 + (-24 - -53) + -18.
29
What is the value of (1751 - 1759) + 0 + 1 + -2 + 1?
-8
What is the value of 12 + (2 - 12) + (1 - 74 - (69 + -78))?
-62
66 + (-57 - (-9 + -30))
48
-12 - (7 - 19) - (-4 + 3 + -105 - -7)
99
Evaluate (-24 - (-14 + -103)) + -54.
39
Calculate (-3 - -21) + 1559 + -1611.
-34
What is (-13 - -5) + 31 + 1010 + -1005?
28
Evaluate -37 + 7 - -13 - -7 - (20 - -40).
-70
Evaluate (5 - 8) + -3 - (56 - (-51 + 10)).
-103
What is the value of 1 + 3 + (54 - 37 - 34)?
-13
-130 + 143 + 10 + -73
-50
What is the value of 48 + 7 + 49 + -90?
14
Evaluate -5 + (-39 - 2 - (4 + 27 + -38)).
-39
Calculate 113 + -10 + (2 - (1 + 1 + -4 + -8)).
115
What is -16 + 38 - 59 - (2 - (8 - 6))?
-37
Evaluate (-120 - -149) + -1 + -23 + 19.
24
What is the value of (76 - ((-3 - 4) + 0 - 0)) + 8 + -20?
71
What is -20 + (36 + 5 - 18)?
3
(-29 - 95) + -41 + 87 + -39
-117
Evaluate 16 - 2 - (-30 + 25 + 5) - (-1 + -27).
42
Calculate 1 - ((-16 - 0) + 204 + -183).
-4
Calculate -83 + 118 - (1 - (1 + -6)).
29
What is 25 - ((30 + -18 - 1) + -2 + 136)?
-120
What is the value of -48 - (38 + 52 + -159)?
21
What is the value of -6 + (13 - 1 - (294 + -278)) + -32?
-42
5 - (-9 + (-22 + 31 - -3)) - -49
51
What is the value of 38 - (25 + (-10 - 5) + -34)?
62
Evaluate 1 + (-6 + (19 - 11) - (5 + -2)) + -31.
-31
What is the value of -91 + -1 + 35 + 29?
-28
6 - 107 - (-33 - (5 - 29))
-92
(-61 - -33) + 56 - -1
29
Calculate (11399 - 11411) + -1 + (63 - 2).
48
5 + (-8 - -5) + -20 + -19
-37
Calculate (4 - 18) + (-58 + 38 - (-4 - 5)).
-25
Evaluate (-4 - 4) + -11 + -11 + -1 + 11.
-20
-41 - (-11 + (-3 - -8)) - (16 - (21 + 2))
-28
(193 - 188 - (-1 + 131)) + 30
-95
Calculate -15 + (7 - -1) + -1 + (8 - 48).
-48
27 - (-1 + 7) - 11 - -5
15
What is the value of -63 + (14 - 2) - ((3 - -9 - 4) + -13)?
-46
Calculate (67 - 16 - 98) + 43.
-4
Calculate 68 - 183 - -120 - (-1 + -30).
36
4 + -12 + -35 + 15 + -22 + 6 + -2
-46
Evaluate 14 - 5 - (9 + (-12 - (9 + -69 + 3))).
-45
18 + 15 + (3 - 89) + 0 + -1 + 4
-50
(33 + -27 + -2 - 7) + -15 + 2
-16
-68 + 17 + -5 + (-6 - (-3 + -2))
-57
Evaluate 23 - (16 - 6) - (23 + -14) - (-33 - 0).
37
What is the value of (24 - (1 + 16)) + (-6 - (3 - 8) - 83)?
-77
Evaluate (-2 - -3 - 24) + (-1 - -10 - (48 + -35)).
-27
Evaluate -116 - -6 - 3 - -116.
3
64 - (13 + 14 + (-53 - -28))
62
Evaluate -37 + 10 - (-105 + 90) - (11 + -1).
-22
Evaluate 1 + -4 - (1 + (8 - 0) + -97 + 88).
-3
-1 + 8 - (44 + 53 + -81 - (40 + 0))
31
(-2070 - -2071) + (1 + 1 - -1 - (-2 - -50))
-44
What is -11 + -4826 + 4818 + -92 + 1 + -1 - 2?
-113
Calculate -32 + 25 + -2 + 25.
16
Calculate -4 - ((-23 - -1) + (339 - 334)).
13
Evaluate -9 - (7 - (6 + 9)) - (9 - 4).
-6
(-71 - -47) + -1 + 24 - (-1 - -39)
-39
Evaluate (22 - 33 - (-3 - 17)) + 1.
10
What is 82 + 51 + -58 + (-14 - -1) + 6?
68
What is the value of -8 - (-65 + (0 + 8 + -4 + 3 - -1))?
49
What is the value of (23 - -16) + -31 - (61 - -13)?
-66
Calculate 10 + 57 + (56 - 31).
92
Calculate -13 - ((1 - (23 + -10)) + 1